4/24 + 5*b**3/6 - 43*b**2. What is the hundreds digit of q(-4)?
2
What is the thousands digit of 34234/20 - (-93)/310?
1
Let i(m) = -m**3 + 32*m**2 + 39*m - 58. What is the hundreds digit of i(30)?
9
Suppose -4*s - 2*d + 4640 = 0, -2*d + 784 - 3116 = -2*s. What is the tens digit of s?
6
Let v(s) = -14*s + 8. Let m be v(-4). What is the units digit of 3 - 3 - (0 - m)?
4
Suppose -4*i + v - 2*v = -23, 4*v = 2*i + 2. Suppose 0 = -2*a - 4*z + 12, i*z = -3*a + z + 16. Let t = a + -3. What is the units digit of t?
1
Suppose -16*g + 50137 = 11305. What is the units digit of g?
7
What is the units digit of (-8)/(-36)*-3 - 1488/(-18)?
2
Let g(w) = 2 + 0*w**3 + w + w**3 - 2*w**3 + 4*w**2. Let s be g(4). Suppose s*o = 3*o + 6. What is the units digit of o?
2
Let z(r) = -2*r + 10. Let v be z(4). Suppose 0 = a + v*a - 63. Suppose 0 = -3*p + p - 5*k + 15, -5*p + 4*k + a = 0. What is the units digit of p?
5
Let s(m) = m**3 - 2*m**2 + 5*m - 26. What is the thousands digit of s(11)?
1
Let w(q) be the third derivative of -q**6/60 - 7*q**5/60 - 5*q**3/3 - 5*q**2. What is the tens digit of w(-5)?
6
Let w = -774 + 1276. What is the tens digit of w?
0
Let p(h) = 6*h**3 - 2*h**2 - 20*h + 2. What is the units digit of p(7)?
2
Let d(i) = -i - 2. Let o be d(-4). Let g be 1*4 + (o - 3). Let m = 24 - g. What is the tens digit of m?
2
Let x = 1010 + -492. What is the units digit of x?
8
Let m be (6/(-9))/(4/(-930)). Let y = 225 - m. What is the tens digit of y?
7
Suppose -7*x = -4*x. What is the units digit of 20*(576/20)/4 - x?
4
Let v(s) = -1204*s**3 - s**2 + 5*s + 5. What is the thousands digit of v(-1)?
1
Suppose 5*f + 2*s = 3101, 5*s - 166 = -f + 445. What is the hundreds digit of f?
6
Suppose 4*q - 2218 = i, -4*i - 1104 = -2*q - i. What is the units digit of q?
5
Suppose 37 - 463 = -m. What is the hundreds digit of m?
4
Let x = 1805 + 802. What is the units digit of x?
7
Let i = 31 + -29. Suppose f - i*q - 49 = q, 4*q - 212 = -3*f. What is the tens digit of f?
6
Let r(n) = 143*n**2 - 7*n + 8. What is the hundreds digit of r(3)?
2
Let s(x) = -3*x**2 + x - 5. Let u(i) = -i**2 - i. Let a(t) = -s(t) + 2*u(t). Suppose -4*b + 4*g = 3*g - 15, -40 = -5*b - 3*g. What is the units digit of a(b)?
5
Suppose 4*v = 5*t + 376, -3*v + 298 - 9 = -2*t. Suppose -m = -1, -79 = -b + 2*m + v. What is the tens digit of b?
8
Let f(j) = -3*j**3 - 6*j**2 - 7*j + 9. What is the hundreds digit of f(-6)?
4
Let t(z) = -z**3 + 16*z**2 + 16*z - 19. What is the hundreds digit of t(15)?
4
Suppose -5*m + 7 = -4*a, 3*m + 2*a = 14 - 1. Suppose 3*c + m*c = 108. What is the tens digit of c?
1
Let t(a) = a**2 + 2*a + 9 + 6 + 6*a. Let o(w) = -3*w**2 - 7*w - 8. Let d be o(-2). What is the units digit of t(d)?
3
What is the tens digit of ((-340)/(-40))/((-2)/(-348)*3)?
9
Suppose -4*t + 2*w = -3*t - 11, 3*t - 21 = 2*w. Suppose 8*u - 4*u = 8, t*m - 603 = -4*u. What is the units digit of m?
9
Suppose 6*j - j - 15 = 0. Suppose -3*h - 176 = -j*w + w, 3*w = -h + 242. What is the units digit of w?
2
Let s(z) = z**3 - 14*z**2 + 36*z - 27. What is the tens digit of s(15)?
3
Suppose 0*p - 222 = -3*j + 2*p, 372 = 5*j - 4*p. Suppose j - 40 = a. What is the tens digit of a?
3
Suppose -2*y - 92 = 3*d, 4*y + 3*d = 3*y - 40. Let r = 86 + y. What is the units digit of r?
4
Suppose 684 = 22*p - 13*p. What is the units digit of p?
6
Let g = -2611 + 3903. What is the tens digit of g?
9
Let z = -54 - -26. What is the hundreds digit of (z/(-16))/7 + (-1497)/(-12)?
1
Let f = 16 - -109. Let i = f + 23. What is the hundreds digit of i?
1
Let j(m) = -m + 11. Let x(d) = d**2 + 3*d - 20. Let w be x(-7). What is the units digit of j(w)?
3
Let z(g) = 457*g**2 - 2*g + 3. What is the units digit of z(1)?
8
Let k = -1123 + 3256. What is the thousands digit of k?
2
Let c = -29 + 31. Suppose c*r - 126 - 161 = -3*n, 0 = -5*r + 2*n + 670. What is the tens digit of r?
3
Suppose -2*b - v = -560, -64*b = -60*b - 2*v - 1128. What is the units digit of b?
1
Let b(u) = 2*u + 32. Let k be b(5). What is the units digit of 223/2 - k/(-28)?
3
What is the tens digit of 27/54*2*383?
8
Let l(c) = c**2 - 3*c - 3. Let j be l(-1). What is the tens digit of j/(28/42 + 902/(-1362))?
2
Let k(g) = -4*g + 100. Let b be k(28). Let s(i) = 2 + 5*i - 18 - i**2 - 21*i. What is the tens digit of s(b)?
3
What is the hundreds digit of (37660/(-56))/(3/(-2) + 1)?
3
Let d(m) = -54*m**3 - 3*m - 2. Let w be 1/(-2)*(1 - -1). Let g be d(w). Suppose g = 5*s - 0. What is the units digit of s?
1
Suppose -9*h + 4*h = -215. Let k = -13 - -33. Let x = h - k. What is the units digit of x?
3
Let s = -9 - -5. Let x be 51/9 + s/6. Suppose h = -x*n + 235, 2*h - 148 = 5*n - 8*n. What is the tens digit of n?
4
Let z = 37 - 94. Let v = 57 - z. What is the units digit of v?
4
Let s(r) = -17 - 9*r**2 - 3*r**2 + 5 - r - r**3 + 0*r**2. Let u be s(-12). What is the units digit of 1/(3/21 + u)?
7
Suppose n - 2 = 11. Let x = 37 + -25. What is the tens digit of 1/(1 - x/n)?
1
Let n = -12 - -9. What is the units digit of n - (17*-3 - 2)?
0
Suppose 4*g - 21 = -y, -4*y = -2*g - 0 - 12. Suppose 0 = g*p + s - 4*s - 21, -18 = -5*p + s. What is the units digit of (17 - p/1) + 2?
6
Suppose 0*s + 5*s + 15 = -5*x, -5*x + 2*s = -20. Suppose 5*f = -z - 20 + 85, -70 = -2*z + x*f. Suppose -5*g + z = -4*g. What is the units digit of g?
0
Let g = 62 - -21. Let f = 156 - g. What is the units digit of f?
3
Let m be -1*0*3/(-15). Suppose -5*z - 6 + 101 = m. What is the units digit of z?
9
Let z be ((-20)/8)/((-5)/40). What is the tens digit of 2172/z - 8 - (-6)/(-10)?
0
Suppose -p = 37 - 138. Suppose -q + 5*l = 2*q - p, 0 = -5*l - 20. What is the tens digit of q?
2
Suppose 5*g - 709 = 236. What is the hundreds digit of g?
1
Let i = 2572 + 2237. What is the hundreds digit of i?
8
Let x = -300 - -438. Suppose 11*s = 14*s - x. What is the tens digit of s?
4
Let z = 3100 + 1448. What is the hundreds digit of z?
5
Suppose 0 = k + 4 + 3. Let v be 16*(-3 + k/(-2)). Let l = 46 - v. What is the tens digit of l?
3
Let o(d) be the second derivative of -d**5/20 - 4*d**4/3 - 5*d**3/3 - 11*d**2 - 5*d. Let c be o(-15). Let u = -54 - c. What is the tens digit of u?
4
Let v be 2/(2/(-6)*2). What is the units digit of (-80)/v*(-12)/(-5)?
4
Let w(h) = 2*h - 26. Let z be w(20). Let v = 27 - z. What is the tens digit of v?
1
What is the hundreds digit of (11 + 149)*2/(2/1)?
1
Suppose 0 = -x + 37 + 20. What is the tens digit of x - 0*3/(3 - 9)?
5
Let b(t) = t**3 + 4*t**2 - 3*t - 2. Let s be b(-4). Let m = -719 - -710. What is the tens digit of 524/s + m/(-15)?
5
Let r(m) = 46*m**3 - 6*m**3 - 150*m**3. What is the units digit of r(-1)?
0
Let i = -1321 + 939. Let l = -253 - i. What is the units digit of l?
9
What is the units digit of 0/3 - (-285 - -2)?
3
Let l = -165 + 254. What is the units digit of l?
9
Suppose 4*h - 2 = 3*h. Let g be (h - (-3 + 8)) + -163. Let t = g + 232. What is the tens digit of t?
6
Suppose 0 = n - 0*n. Suppose o = 1 - 3. What is the units digit of n + o - -3 - -23?
4
Let f(s) = -5*s + 4. Let m be f(-3). Suppose 4 = -0*j + 2*j. Suppose -3*n = -3*k + 18, -3*k - 1 + m = -j*n. What is the units digit of k?
6
Let q = 95 - 110. Let s = q + 34. What is the units digit of s?
9
Let c be (21/(-4))/(-3)*-4. Suppose 0 = 4*k + s + 12, 4*s + 10 = 3*k. Let r = k - c. What is the units digit of r?
5
Suppose -5*q + 3334 = 3*g, -3*q + 5534 = 5*g - 6*q. What is the hundreds digit of g?
1
Let h(j) = -j**2 + 40*j + 182. What is the hundreds digit of h(39)?
2
Suppose -2*w = o - 5, 4*o + o - 3 = w. Let a be 10 + o*9/(-3). Let y(s) = -s**3 + 8*s**2 - 4*s - 5. What is the tens digit of y(a)?
1
Let d be (1 - 2) + (-1 - 10). Let h = d - -3. What is the tens digit of h/(6/(-2)) + 9?
1
What is the tens digit of (-114)/190 - (-636)/10?
6
Suppose -4*g = -1 - 47. Let t = 17 - g. Suppose t*v - 132 = -v. What is the units digit of v?
2
Let y = 93 + -64. Let p = y - 12. What is the units digit of p?
7
Let g(v) = v**2 + 12*v - 3. Let q(m) = -4*m**2 - 36*m + 10. Let b(x) = 7*g(x) + 2*q(x). Suppose 2*w = 3*w - 10. What is the units digit of b(w)?
9
Suppose -5*a + 27 = 4*v, 0*a - 26 = -3*v + 2*a. Let t = v - -189. What is the tens digit of t?
9
Let d(w) = -w**3 - 9*w**2 + 8*w - 17. Let r be d(-10). Suppose -x + 313 = -n, r*x + 5*n = -0*x + 907. What i